 - 3) - 3 - 4. Is f(l) composite?
False
Let o be 11/(-5) - (-7 + 136/20). Let l be (-1210)/o + (2 - -1). Suppose 2*y - 4*w - 406 = 0, y + 2*y - l = 5*w. Is y a prime number?
False
Suppose -965*f + 1000*f - 16075465 = 0. Is f composite?
True
Let q = -294 - -298. Suppose 5*o - 19592 = -4*b, -6*b - 14693 = -9*b - q*o. Is b composite?
False
Let o(a) = a**2 - 5*a - 4. Let v be o(6). Let w(z) = 1 - 287 + 1403 - z**v. Is w(0) a prime number?
True
Suppose -4*b + 68034 = -5*l + 7*l, 4*l - 3*b - 136079 = 0. Is l a composite number?
False
Let q(m) = -1962*m - 1807. Is q(-22) prime?
True
Suppose 0 = 7*x - 2*x - 5*i - 80, -4*x = -3*i - 60. Suppose 24*r + 17*r + r = 0. Is 4*69/x - r composite?
False
Let v = 7909 + -4300. Suppose 9*n - v = 1476. Is n a prime number?
False
Let z = -15517 + 10598. Let b = -3438 - z. Is b a composite number?
False
Suppose -2*l - 18 = -4*r, r - 5*l + l = -6. Suppose d + r = 21. Suppose -d*u + 9177 = -9753. Is u prime?
False
Let t be 93/(23 + -18 + (-24)/5). Suppose t*g - 480*g = -154695. Is g prime?
True
Let q be ((-6)/5)/(-3*1/(-10)). Let u be (q/8)/((-2)/8) + 88. Suppose -u = 3*x - 573. Is x composite?
True
Let z = 51 + -48. Suppose -4*a = 0, z*n + 0*a - 60 = -a. Let k = n - -67. Is k a prime number?
False
Suppose 3*k - 592697 + 99278 = 0. Is k prime?
False
Let s(r) = -r**2 - 11*r - 5. Let t be s(-10). Suppose t*v = -v - 2*v. Suppose 4*f + 2*a = -v*f + 4564, -a = -4. Is f a composite number?
True
Let o(t) = -t**2 - 17*t + 58. Let j be o(-20). Is (-1)/((-5)/j) + 503991/15 a prime number?
True
Let o(y) = 4*y**2 - 38*y + 3. Let s(n) = -n**2 + 1. Let t(p) = -o(p) + s(p). Let x be t(16). Is x/(-10) + (-10)/25 prime?
True
Let z(k) = 3*k**3 - 20 + 34 - 2*k**3 + 10*k**2. Let u be z(-10). Suppose -2540 = -u*s + 10*s. Is s prime?
False
Let v be 0 + ((-2)/3)/((-4)/30). Let j(w) = -w**3 + 8*w**2 - 15*w + 5. Let z be j(v). Suppose -217 = -5*g + 3*h + 2449, 2*g - z*h = 1055. Is g composite?
True
Let b be ((-7365)/9 + -2)*(-3 - 0). Let u = 298 + b. Is u composite?
True
Suppose 4*o - t = -98983, 0 = -0*o - o - t - 24752. Let c = -11858 - o. Is c a composite number?
False
Let s be 3488/26 - (-4)/(-26). Let m = -128 + s. Suppose 2*z - 4161 = b, -4*b = -z + m*z - 10409. Is z prime?
True
Suppose 1275*l = 1259*l + 10625456. Is l a composite number?
False
Let f(w) = 69*w**3 + 2*w**2 + w + 1. Let o be (-2)/2*(30/(-5) + 4). Let n be f(o). Suppose -3*u + 2*t + 1296 + 425 = 0, u - n = -2*t. Is u a composite number?
False
Let n = -23 - -27. Let h(s) = -25 + 2*s + n*s**2 + 0*s**2 - 9*s. Is h(-8) prime?
False
Let l(u) = 229*u**2 - 6*u - 1452. Is l(53) a prime number?
True
Let l(y) = 8*y**3 + 11*y**2 - 21*y - 33. Let s(j) = -4*j**3 - 5*j**2 + 11*j + 17. Let m(q) = 4*l(q) + 9*s(q). Is m(-9) a prime number?
False
Let z(w) = -w**3 + 18*w**2 - 2*w + 13. Let d be 8/20 - ((-612)/(-15))/(-3). Is z(d) a prime number?
True
Suppose 0 = -3*w - 548 + 581. Is (w/(-22))/(1/(-157558)) prime?
True
Suppose 0 = 3*o + 4*w - 33089, w = -o - 1054 + 12083. Is o composite?
False
Suppose 80492 = 4*o - 2*b, -2*o + 16*b - 13*b + 40246 = 0. Is o composite?
False
Suppose -2*q + j + 6 = 0, 2*q - 2*j - 18 = -4*j. Suppose -3*a = 2*c - 166933, -q*a - 5*c + 368877 = 90652. Is a prime?
False
Let v be -10 + 12 - (3 + 1038). Let y = 2690 + v. Is y prime?
False
Let y(q) = -1577*q**2 + 9*q + 6. Let f(o) = 4730*o**2 - 25*o - 17. Let t(a) = 3*f(a) + 8*y(a). Is t(-2) prime?
True
Is 55/(880/86208) + 23 a prime number?
False
Suppose 4*l = -r + 261437, 18*r - 4*l = 21*r - 784311. Is r a prime number?
False
Suppose 48*t - 51*t + 889298 = a, -4*t - 3*a + 1185739 = 0. Is t a prime number?
False
Suppose 3*o + 27761 = -5*m + 196860, -4*m = 4*o - 225460. Is o prime?
False
Is (-4)/60 + (-49635898)/(-195) a prime number?
False
Let r = 65 + 1364. Let k = r + 2650. Is k composite?
False
Let w be 7 - (25/(-5) + 2). Suppose 55 = w*j - 5*j. Suppose -9*p - 1108 = -j*p. Is p a prime number?
False
Let z be (-11)/22 - 226/(-4). Let r be 1/(-8) + (-161)/z - -1451. Let w = r - 1017. Is w prime?
True
Suppose 67828 = 11*g + 65375. Is g prime?
True
Suppose -38*b = -b - 59457 - 226072. Is b prime?
True
Let v(k) = 66*k + 8401. Is v(-66) a prime number?
False
Is (-4 + (-4262275)/(-10))/(6/4) a prime number?
True
Let y(i) = -4*i**3 - 227*i**2 - 30*i - 58. Is y(-77) a composite number?
False
Let b(q) = 198*q**2 + 3*q - 1. Suppose 2*w = m, -10 = -14*w + 12*w. Suppose -m + 20 = -5*d. Is b(d) prime?
False
Let o(q) = 145*q**2 + 21*q - 797. Is o(31) prime?
True
Suppose -2*d + 377249 = 3*l + 5558, -5*d + 2*l + 929237 = 0. Is d prime?
False
Suppose 9*u = 10978 - 2536. Suppose 0*l - 2*l + u = 0. Is l composite?
True
Let h = -384398 - -801019. Is h prime?
True
Suppose -4*c - 10*c + 25*c = 732787. Is c composite?
False
Let q be -3270 + -18 + 1/((-2)/(-6)). Let a = q + 4846. Is a prime?
False
Suppose 2*y + y = 9*y. Suppose -4*o - 5616 = -4*f - y*o, 4*f + 4*o = 5576. Is f a prime number?
True
Let d = 19 + -17. Suppose -2*m + 5*t - 4 = -3*m, d*m - 5*t = 8. Suppose 0 = -m*l + 2291 - 87. Is l prime?
False
Let v(n) = 2*n**3 + 4*n**2 - 3*n - 21. Let f be v(5). Is f*8/(112/21) a composite number?
True
Let b(g) = -g**2 + 14*g - 19. Let q be b(12). Suppose -8 = -q*v + 17. Suppose 2*a - 1359 = a + i, 0 = v*a + 5*i - 6815. Is a composite?
False
Is (-3)/(732713/(-12088131) - (-56)/924) a prime number?
True
Is (34/(-6) - -5)/(14/(-2142903)) a composite number?
False
Let q = 9266 - 1749. Let d = q + -11092. Let n = -1270 - d. Is n composite?
True
Suppose 109251 = 16*w - 1527437. Is w composite?
False
Let q(i) = -12*i - 12. Let c be q(-1). Suppose 5*r - 2*m - 12567 - 15602 = c, -28155 = -5*r - 5*m. Is r composite?
True
Let m(x) = 5972*x**3 - 4*x**2 + 2*x + 1. Let g be (-1 + 6)/(40/24). Suppose 2*i - 8 = -g*u, 5*i + u = -0*u + 7. Is m(i) a composite number?
True
Let l = 6579 - 2144. Suppose -23*r + 18*r + l = 0. Is r a prime number?
True
Let f(o) = -3*o**2 - 168*o + 29. Is f(-14) composite?
True
Let g = -617 - -620. Suppose -g*i = -50814 + 10263. Is i a prime number?
False
Let j(f) = 4090*f + 853. Is j(6) a composite number?
True
Suppose 4*k = -4*r + 2325876, 574*r - 575*r + 581517 = -5*k. Is r prime?
False
Let m = -1931 + 2837. Suppose 0 = m*r - 913*r + 16331. Is r a prime number?
True
Let a = -62 + 152. Suppose -3*o = -o - a. Suppose 4*t = j + 186, t - 3*j + 2*j - o = 0. Is t a composite number?
False
Suppose -6*y + 59456 + 129358 = 0. Is y a composite number?
False
Let t = 589 + -585. Suppose t*a - 8*z + 3*z - 198 = 0, 0 = 2*a + 2*z - 90. Is a a composite number?
False
Suppose -c - 2*c = -96. Let u be (-1)/(-3) - (3 + c/24). Is 5287/5 + u/10 composite?
True
Suppose 60 - 64 = l. Is (0 - -499)/(10/130) + l a composite number?
True
Let l be 5 + -4 + 4 - 2. Suppose l*o - 262 = -91. Suppose -410 - o = -j. Is j composite?
False
Let v = -228940 - -457807. Is v a prime number?
False
Let f(j) = -18*j - 21 + 0 + 1069*j**2 - 882*j**2. Suppose 45 = -5*q - 5*i, 0 = -4*q + q + 4*i - 6. Is f(q) prime?
False
Let h = 51 + -25. Let n(u) = -18*u**3 - 30*u + 61*u + 3 - h*u + u**2. Is n(-2) composite?
True
Suppose 44*v - 18*v - 539682 = 0. Suppose 0*r = -5*r + 5, -4*n = r - v. Is n a prime number?
True
Let c = 178 + -175. Is ((-16)/c + 5)*(-47349)/3 prime?
True
Let h be (-4 - (-2412)/(-16))*16. Let r = 4785 + h. Is r a composite number?
False
Suppose -4 - 8 = -2*r. Suppose 6*d - r = 3*d. Suppose -4*p + d*c + 358 = 0, 2*c + c + 3 = 0. Is p a prime number?
True
Let o = -2962 + 6397. Let i = 11492 - o. Is i a prime number?
False
Suppose 38*o + 17896 = 30*o. Let p = o - -7828. Is p prime?
True
Suppose -2*m = s - 315, 5*m = 3*s + 3*m - 961. Suppose 3*d - s - 214 = 2*k, -2*d - 4*k = -366. Is d a composite number?
False
Let k be (21/14)/((-2)/(-12)). Suppose -10215 = -k*y + 3492. Is y a prime number?
True
Let t(h) = 22*h + 70. Let l be t(-3). Suppose 0 = l*g - 5*f - 1613, -5*g = -3*f - 564 - 1436. Is g composite?
False
Let v(y) = 65*y**2 - 3*y - 24. Let h be v(7). Let x = -1879 + h. Is x composite?
True
Let u = -1143 - -1857. Suppose -6286 = -16*r + 9*r + 21*r. Let c = r + u. Is c a composite number?
True
Suppose 5*r - 1345 = 5*i, -4*i - 449 = -3*r + 357. Let v = r - -1661. Is v prime?
True
Let v be 8*(-4)/24*3. Let j be (22/v)/(-4*(-3)/24). Let m(a) = 2*a**2 - 3*a - 24. 